Last updated on 2025-10-24 04:51:16 CEST.
| Flavor | Version | Tinstall | Tcheck | Ttotal | Status | Flags |
|---|---|---|---|---|---|---|
| r-devel-linux-x86_64-debian-clang | 1.6.5 | 5.98 | 144.59 | 150.57 | NOTE | |
| r-devel-linux-x86_64-debian-gcc | 1.6.5 | 4.16 | 101.21 | 105.37 | OK | |
| r-devel-linux-x86_64-fedora-clang | 1.6.5 | 62.00 | 189.04 | 251.04 | OK | |
| r-devel-linux-x86_64-fedora-gcc | 1.6.5 | 13.00 | 236.73 | 249.73 | OK | |
| r-devel-windows-x86_64 | 1.6.5 | 7.00 | 168.00 | 175.00 | OK | |
| r-patched-linux-x86_64 | 1.6.5 | 6.57 | 137.69 | 144.26 | OK | |
| r-release-linux-x86_64 | 1.6.5 | 5.79 | 138.01 | 143.80 | OK | |
| r-release-macos-arm64 | 1.6.5 | 3.00 | 86.00 | 89.00 | OK | |
| r-release-macos-x86_64 | 1.6.5 | 10.00 | 144.00 | 154.00 | OK | |
| r-release-windows-x86_64 | 1.6.5 | 7.00 | 170.00 | 177.00 | OK | |
| r-oldrel-macos-arm64 | 1.6.5 | 3.00 | 109.00 | 112.00 | OK | |
| r-oldrel-macos-x86_64 | 1.6.5 | 9.00 | 258.00 | 267.00 | OK | |
| r-oldrel-windows-x86_64 | 1.6.5 | 11.00 | 213.00 | 224.00 | OK |
Version: 1.6.5
Check: HTML version of manual
Result: NOTE
Found the following HTML validation problems:
format.vtreatment.html:51:1 (format.vtreatment.Rd:12): Warning: missing </ul> before </div>
print.multinomial_plan.html:51:1 (print.multinomial_plan.Rd:12): Warning: missing </ul> before </div>
print.simple_plan.html:51:1 (print.simple_plan.Rd:12): Warning: missing </ul> before </div>
Flavor: r-devel-linux-x86_64-debian-clang