Last updated on 2025-10-24 04:51:17 CEST.
| Flavor | Version | Tinstall | Tcheck | Ttotal | Status | Flags |
|---|---|---|---|---|---|---|
| r-devel-linux-x86_64-debian-clang | 2.1 | 5.54 | 47.16 | 52.70 | NOTE | |
| r-devel-linux-x86_64-debian-gcc | 2.1 | 3.96 | 35.27 | 39.23 | NOTE | |
| r-devel-linux-x86_64-fedora-clang | 2.1 | 33.00 | 50.84 | 83.84 | OK | |
| r-devel-linux-x86_64-fedora-gcc | 2.1 | 12.00 | 60.74 | 72.74 | OK | |
| r-devel-windows-x86_64 | 2.1 | 8.00 | 65.00 | 73.00 | OK | |
| r-patched-linux-x86_64 | 2.1 | 4.87 | 44.84 | 49.71 | OK | |
| r-release-linux-x86_64 | 2.1 | 4.77 | 44.02 | 48.79 | OK | |
| r-release-macos-arm64 | 2.1 | 3.00 | 24.00 | 27.00 | OK | |
| r-release-macos-x86_64 | 2.1 | 8.00 | 49.00 | 57.00 | OK | |
| r-release-windows-x86_64 | 2.1 | 8.00 | 66.00 | 74.00 | OK | |
| r-oldrel-macos-arm64 | 2.1 | 3.00 | 26.00 | 29.00 | OK | |
| r-oldrel-macos-x86_64 | 2.1 | 8.00 | 64.00 | 72.00 | OK | |
| r-oldrel-windows-x86_64 | 2.1 | 10.00 | 77.00 | 87.00 | OK |
Version: 2.1
Check: CRAN incoming feasibility
Result: NOTE
Maintainer: ‘Deisy Morselli Gysi <deisy.ccnr@gmail.com>’
No Authors@R field in DESCRIPTION.
Please add one, modifying
Authors@R: c(person(given = c("Deisy", "Morselli"),
family = "Gysi",
role = c("aut", "cre"),
email = "deisy.ccnr@gmail.com"),
person(given = "Andre",
family = "Voigt",
role = "aut"),
person(given = c("Tiago", "Miranda"),
family = "Fragoso",
role = "aut"),
person(given = "Eivind",
family = "Almaas",
role = "aut"),
person(given = "Katja",
family = "Nowick.",
role = "aut"))
as necessary.
Flavors: r-devel-linux-x86_64-debian-clang, r-devel-linux-x86_64-debian-gcc
Version: 2.1
Check: HTML version of manual
Result: NOTE
Found the following HTML validation problems:
wTO.aux.each.html:62:1 (wTO.aux.each.Rd:18): Warning: missing </ul> before </div>
Flavor: r-devel-linux-x86_64-debian-clang