CRAN Package Check Results for Package wakefield

Last updated on 2025-10-22 05:51:32 CEST.

Flavor Version Tinstall Tcheck Ttotal Status Flags
r-devel-linux-x86_64-debian-clang 0.3.6 4.91 67.58 72.49 NOTE
r-devel-linux-x86_64-debian-gcc 0.3.6 3.60 48.20 51.80 NOTE
r-devel-linux-x86_64-fedora-clang 0.3.6 33.00 77.81 110.81 OK
r-devel-linux-x86_64-fedora-gcc 0.3.6 10.00 89.82 99.82 OK
r-devel-windows-x86_64 0.3.6 9.00 100.00 109.00 OK
r-patched-linux-x86_64 0.3.6 8.11 62.32 70.43 OK
r-release-linux-x86_64 0.3.6 4.07 62.25 66.32 OK
r-release-macos-arm64 0.3.6 2.00 28.00 30.00 OK
r-release-macos-x86_64 0.3.6 4.00 50.00 54.00 OK
r-release-windows-x86_64 0.3.6 9.00 104.00 113.00 OK
r-oldrel-macos-arm64 0.3.6 3.00 25.00 28.00 OK
r-oldrel-macos-x86_64 0.3.6 4.00 40.00 44.00 OK
r-oldrel-windows-x86_64 0.3.6 10.00 115.00 125.00 OK

Check Details

Version: 0.3.6
Check: CRAN incoming feasibility
Result: NOTE Maintainer: ‘Tyler Rinker <tyler.rinker@gmail.com>’ Package CITATION file contains call(s) to old-style citEntry(). Please use bibentry() instead. Flavors: r-devel-linux-x86_64-debian-clang, r-devel-linux-x86_64-debian-gcc

Version: 0.3.6
Check: HTML version of manual
Result: NOTE Found the following HTML validation problems: plot.tbl_df.html:51:1 (plot.tbl_df.Rd:12): Warning: missing </ul> before </div> print.available.html:51:1 (print.available.Rd:12): Warning: missing </ul> before </div> print.variable.html:51:1 (print.variable.Rd:12): Warning: missing </ul> before </div> Flavors: r-devel-linux-x86_64-debian-clang, r-devel-linux-x86_64-debian-gcc