Last updated on 2025-10-22 05:51:32 CEST.
Flavor | Version | Tinstall | Tcheck | Ttotal | Status | Flags |
---|---|---|---|---|---|---|
r-devel-linux-x86_64-debian-clang | 1.3.0 | 7.31 | 115.31 | 122.62 | NOTE | |
r-devel-linux-x86_64-debian-gcc | 1.3.0 | 5.19 | 79.03 | 84.22 | NOTE | |
r-devel-linux-x86_64-fedora-clang | 1.3.0 | 66.00 | 131.34 | 197.34 | OK | |
r-devel-linux-x86_64-fedora-gcc | 1.3.0 | 19.00 | 179.38 | 198.38 | OK | |
r-devel-windows-x86_64 | 1.3.0 | 9.00 | 128.00 | 137.00 | OK | |
r-patched-linux-x86_64 | 1.3.0 | 8.84 | 107.86 | 116.70 | OK | |
r-release-linux-x86_64 | 1.3.0 | 6.97 | 107.64 | 114.61 | OK | |
r-release-macos-arm64 | 1.3.0 | 4.00 | 64.00 | 68.00 | OK | |
r-release-macos-x86_64 | 1.3.0 | 7.00 | 109.00 | 116.00 | OK | |
r-release-windows-x86_64 | 1.3.0 | 13.00 | 121.00 | 134.00 | OK | |
r-oldrel-macos-arm64 | 1.3.0 | 4.00 | 60.00 | 64.00 | OK | |
r-oldrel-macos-x86_64 | 1.3.0 | 7.00 | 108.00 | 115.00 | OK | |
r-oldrel-windows-x86_64 | 1.3.0 | 13.00 | 156.00 | 169.00 | OK |
Version: 1.3.0
Check: HTML version of manual
Result: NOTE
Found the following HTML validation problems:
workflow-butcher.html:66:1 (workflow-butcher.Rd:28): Warning: missing </ul> before </div>
Flavors: r-devel-linux-x86_64-debian-clang, r-devel-linux-x86_64-debian-gcc