Last updated on 2025-07-21 08:50:22 CEST.
Flavor | Version | Tinstall | Tcheck | Ttotal | Status | Flags |
---|---|---|---|---|---|---|
r-devel-linux-x86_64-debian-clang | 0.9.8 | 16.07 | 164.96 | 181.03 | OK | |
r-devel-linux-x86_64-debian-gcc | 0.9.8 | 11.46 | 110.03 | 121.49 | OK | |
r-devel-linux-x86_64-fedora-clang | 0.9.8 | 277.12 | OK | |||
r-devel-linux-x86_64-fedora-gcc | 0.9.8 | 278.77 | OK | |||
r-devel-windows-x86_64 | 0.9.8 | 17.00 | 166.00 | 183.00 | OK | |
r-patched-linux-x86_64 | 0.9.8 | 14.55 | 152.30 | 166.85 | OK | |
r-release-linux-x86_64 | 0.9.8 | 13.84 | 156.23 | 170.07 | OK | |
r-release-macos-arm64 | 0.9.8 | 71.00 | OK | |||
r-release-macos-x86_64 | 0.9.8 | 144.00 | OK | |||
r-release-windows-x86_64 | 0.9.8 | 16.00 | 165.00 | 181.00 | OK | |
r-oldrel-macos-arm64 | 0.9.8 | 77.00 | NOTE | |||
r-oldrel-macos-x86_64 | 0.9.8 | 166.00 | NOTE | |||
r-oldrel-windows-x86_64 | 0.9.8 | 22.00 | 220.00 | 242.00 | NOTE |
Version: 0.9.8
Check: DESCRIPTION meta-information
Result: NOTE
Package listed in more than one of Depends, Imports, Suggests, Enhances:
‘tidyr’
A package should be listed in only one of these fields.
Flavors: r-oldrel-macos-arm64, r-oldrel-macos-x86_64, r-oldrel-windows-x86_64