Last updated on 2025-10-24 04:51:17 CEST.
| Flavor | Version | Tinstall | Tcheck | Ttotal | Status | Flags |
|---|---|---|---|---|---|---|
| r-devel-linux-x86_64-debian-clang | 0.1.1 | 2.31 | 26.34 | 28.65 | OK | |
| r-devel-linux-x86_64-debian-gcc | 0.1.1 | 1.64 | 20.56 | 22.20 | NOTE | |
| r-devel-linux-x86_64-fedora-clang | 0.1.1 | 14.00 | 29.78 | 43.78 | OK | |
| r-devel-linux-x86_64-fedora-gcc | 0.1.1 | 39.40 | OK | |||
| r-devel-windows-x86_64 | 0.1.1 | 3.00 | 44.00 | 47.00 | OK | |
| r-patched-linux-x86_64 | 0.1.1 | 2.47 | 24.43 | 26.90 | OK | |
| r-release-linux-x86_64 | 0.1.1 | 1.81 | 24.15 | 25.96 | OK | |
| r-release-macos-arm64 | 0.1.1 | 1.00 | 18.00 | 19.00 | OK | |
| r-release-macos-x86_64 | 0.1.1 | 2.00 | 26.00 | 28.00 | OK | |
| r-release-windows-x86_64 | 0.1.1 | 5.00 | 47.00 | 52.00 | OK | |
| r-oldrel-macos-arm64 | 0.1.1 | 1.00 | 15.00 | 16.00 | OK | |
| r-oldrel-macos-x86_64 | 0.1.1 | 2.00 | 23.00 | 25.00 | OK | |
| r-oldrel-windows-x86_64 | 0.1.1 | 5.00 | 50.00 | 55.00 | OK |
Version: 0.1.1
Check: Rd files
Result: NOTE
checkRd: (-1) getCreateSQL.Rd:72-102: Only 4 columns allowed in this table (row 6 has 3)
checkRd: (-1) getCreateSQL.Rd:72-102: Only 4 columns allowed in this table (row 16 has 1)
Flavor: r-devel-linux-x86_64-debian-gcc