Last updated on 2025-10-22 05:51:33 CEST.
Flavor | Version | Tinstall | Tcheck | Ttotal | Status | Flags |
---|---|---|---|---|---|---|
r-devel-linux-x86_64-debian-clang | 0.2.0 | 13.47 | 28.33 | 41.80 | NOTE | |
r-devel-linux-x86_64-debian-gcc | 0.2.0 | 8.72 | 22.84 | 31.56 | NOTE | |
r-devel-linux-x86_64-fedora-clang | 0.2.0 | 62.00 | 10.55 | 72.55 | OK | |
r-devel-linux-x86_64-fedora-gcc | 0.2.0 | 29.00 | 32.41 | 61.41 | OK | |
r-devel-windows-x86_64 | 0.2.0 | 20.00 | 61.00 | 81.00 | OK | |
r-patched-linux-x86_64 | 0.2.0 | 13.29 | 25.89 | 39.18 | OK | |
r-release-linux-x86_64 | 0.2.0 | 13.53 | 25.95 | 39.48 | OK | |
r-release-macos-arm64 | 0.2.0 | 9.00 | 25.00 | 34.00 | OK | |
r-release-macos-x86_64 | 0.2.0 | 9.00 | 35.00 | 44.00 | OK | |
r-release-windows-x86_64 | 0.2.0 | 23.00 | 63.00 | 86.00 | OK | |
r-oldrel-macos-arm64 | 0.2.0 | 7.00 | 19.00 | 26.00 | OK | |
r-oldrel-macos-x86_64 | 0.2.0 | 8.00 | 31.00 | 39.00 | OK | |
r-oldrel-windows-x86_64 | 0.2.0 | 25.00 | 72.00 | 97.00 | OK |
Version: 0.2.0
Check: HTML version of manual
Result: NOTE
Found the following HTML validation problems:
xpl_gvar.html:50:1 (xpl_gvar.Rd:12): Warning: missing </ul> before </div>
xpl_nsignC.html:46:1 (xpl_nsignC.Rd:10): Warning: missing </ul> before </div>
Flavors: r-devel-linux-x86_64-debian-clang, r-devel-linux-x86_64-debian-gcc